= -8616 + 29308. What is the units digit of c?
2
Let d(a) = 40*a + 17. Let z(k) be the first derivative of k**4/4 - 5*k**2/2 + 6*k - 1. Let p be z(2). What is the tens digit of d(p)?
7
What is the hundreds digit of ((-164424)/(-15) + 6)/(11/((-220)/(-8)))?
4
Suppose 50*g - 54*g = 3*m - 244616, -4*m - 244616 = -4*g. What is the thousands digit of g?
1
Let o(q) = 7917*q**3 + 20*q**2 - 28*q + 8. What is the thousands digit of o(1)?
7
Suppose -1026 = -2*q + 5*d, -4*d = -2*q - d + 1026. What is the units digit of q?
3
Let h(l) = 3*l**2 + 5*l - 10. Suppose 17*f - 23*f + 24 = 0. What is the tens digit of h(f)?
5
Suppose -7*r + 237552 + 167610 = 11*r. What is the units digit of r?
9
Let g(p) = 73*p**2 + 100*p + 16. What is the tens digit of g(-9)?
2
Suppose 0 = 18*r + 37*r + 104537 - 715257. What is the thousands digit of r?
1
Let q(r) = 1078*r + 214. What is the units digit of q(9)?
6
Let f = -10 + 10. Suppose 3*o + 9 = 3*j, -1 = j - 5*o - 4. Suppose -j*r = 5*l - 248, f = 2*r + l - 2*l - 148. What is the tens digit of r?
7
Suppose -w = -4*j - 65 + 349, -4*j - 3*w = -284. Let v = j + 83. What is the tens digit of v?
5
Let o(r) = 4*r - 9. Suppose 6*t - 17 = -3*c + t, -2*t = -2. Let i be (5/10)/1 - (-54)/c. What is the tens digit of o(i)?
4
Let q be (195/2)/((-156)/(-12272)). What is the hundreds digit of 2/(-4)*0 + q/10?
7
Suppose 0 = 5*f - 2*w - 6 - 1, 3*f - 4*w - 7 = 0. Let a(i) = -i + 138*i**2 - 20*i**2 + 2*i + f + 62*i**2. What is the hundreds digit of a(-1)?
1
Suppose -4168758 = -179*f + 96*f. What is the thousands digit of f?
0
Let j(d) = 2809*d - 38. What is the hundreds digit of j(5)?
0
Suppose 2*y + 515 = -5*w, -991 = -0*y + 4*y - 3*w. Let p = y + 510. Let j = -148 + p. What is the units digit of j?
2
Let n(q) = 4144*q**2 - 3*q + 1. What is the hundreds digit of n(-1)?
1
Let f(p) = 159*p - 5. Let k be f(3). Suppose 6*z - k + 136 = 0. Suppose -2*i + 56 = -z. What is the tens digit of i?
5
Let d(v) = 21*v**2 + 43*v - 1751. What is the thousands digit of d(60)?
6
Let c(n) = 2*n**2 - 33*n - 41. Let s be c(-23). Suppose 17*y + s = 14135. What is the units digit of y?
7
Suppose -43*k - 2*x = -41*k - 4252, 0 = 3*x + 9. Let j = k + -1492. What is the hundreds digit of j?
6
Let p = 402 + -190. Let d be (p + -1)/((-2)/32). What is the units digit of (-1)/(-5) - d/20?
9
Let k = 227 + 13. Let y = k + -127. What is the tens digit of y?
1
Let s(k) = -17*k + 51. Let h be s(6). Let g = h - -193. What is the hundreds digit of g?
1
Let z(h) = 208*h**3 - 4*h**2 - 16*h - 8. What is the ten thousands digit of z(6)?
4
Let z(y) = 4*y**3 - 38*y**2 + 50*y + 30. What is the tens digit of z(16)?
8
Let k(s) = 48*s**2 - 7*s + 10. Let y(z) = -z**2 + 10*z - 18. Let p be y(7). What is the tens digit of k(p)?
2
Let t be 177/118 - 3/(-2). Suppose -4623 = -t*r - 3*f, r - 3*f - 443 - 1114 = 0. What is the tens digit of r?
4
Suppose 0 = -5*q - 5 + 15. Suppose 4 = q*j + 2, 4*i = 5*j + 15. Suppose -i*r = 5*a - 185, -2*a + 5*a - 93 = 3*r. What is the tens digit of a?
3
Suppose 11 = 4*g + 3. Suppose g*m - 3*t + 159 = -m, 0 = -5*m - 2*t - 244. Let a = m - -128. What is the tens digit of a?
7
Let x(u) = 2*u + 3. Let f(t) = -1. Let w(y) = -6*f(y) + x(y). Let i be w(-6). What is the units digit of -2 + 133 + 4 + i?
2
Suppose 2*o + 4 = y, -2*o - 34 = 4*y - 0*o. Let n be (14/10)/(y/(-210)). Suppose 17 - n = -4*a. What is the units digit of a?
8
Let u be 5756/(-6)*129/86 + 3. What is the tens digit of (u/6)/((8/(-12))/2)?
1
Suppose -3*n + 142 = -128. Suppose -2*z + 2 = 0, z - 40 = -4*h - 75. Let y = h + n. What is the units digit of y?
1
Let i(f) = -7*f**3 - 17*f**2 - 62*f - 34. What is the thousands digit of i(-21)?
8
What is the units digit of (-9 + (-9321)/(-52))/((-2)/(-8))?
1
Let o be (5 - 42/9)*426. Suppose z - 2 - o = 0. What is the units digit of z?
4
What is the tens digit of (11933 + 6)*-11*66/(-121)?
3
Let t(l) be the third derivative of l**5/60 + l**4/8 + 49*l**3/3 - l**2 + 9*l. What is the units digit of t(-10)?
8
What is the thousands digit of (21284/(-85))/(2/(-260))*1/2?
6
Suppose -2*w - 6 = 2*r, -4*w = 4*r - 3*r + 3. Suppose -617 = -y - 3*u, -y + 0*y - u + 615 = w. What is the hundreds digit of y?
6
Let t be (14/35)/(2 + 18/(-10)). Suppose t*j + 497 = 4*j + 5*z, -4*z + 1000 = 4*j. Let c = j - 117. What is the tens digit of c?
3
Let x = 2269 - 1552. Let t = -199 + x. What is the tens digit of t?
1
Let d be ((-78)/91)/((-6)/(-28)). What is the units digit of (-2 - d - -5) + 789?
6
Suppose 12*x = 11*x + 3*q + 8627, -4*x + 34457 = 5*q. What is the hundreds digit of x?
6
Suppose 4*p = 2*r + 14, -p - 4*r = -0*p + 1. Suppose y = p*o - 15, 0*y - 25 = -5*o + 5*y. Suppose 10 = o*g - 85. What is the units digit of g?
9
Suppose -9117504 = 43*l - 219*l. What is the ten thousands digit of l?
5
Let m be (-1172)/(-10) - 2/10. Let p be (-42)/12 - -5 - 1295/(-10). Suppose 192 = 2*h + 2*b, -3*h = -5*b - p - m. What is the units digit of h?
1
What is the thousands digit of 314*((-11592)/(-48) - 16)?
0
Let m(j) = -4994*j - 429. What is the units digit of m(-2)?
9
Suppose 12*v - 33 = v. Suppose v*s - 5 = s - q, 8 = 3*s + q. Let o(j) = 4*j**3 + 4*j**2 - 3*j + 5. What is the tens digit of o(s)?
4
Let v = 9962 + -2496. What is the units digit of v?
6
Let r(v) = -355*v - 138. Let l be r(-9). Suppose 8*a + u + 1224 = 10*a, 4*u = 5*a - l. What is the hundreds digit of a?
6
Suppose -3*m + 5*o = -1446, -4*m + 2537 = 3*o + 667. What is the hundreds digit of m?
4
Let o(h) = 1 - h**3 - 8*h - 2*h - 11 + 14*h**2. Let r(a) = -a**2 - 93*a - 2108. Let p be r(-40). What is the tens digit of o(p)?
5
Suppose -9*t + 5*t - 80 = 0. Let r be (-732)/t - 2/(-5). Suppose -13 + r = 6*d. What is the units digit of d?
4
What is the units digit of ((-54)/15)/(-6 + 141957/23660)?
2
What is the hundreds digit of 113880/20 + (-6 - -1)/(8/(-8))?
6
Let s be 24/(4/8 + 0). Suppose -11*z = -3931 + s. What is the units digit of z?
3
Let l(i) = -i**2 + 22*i - 16. Let a be l(21). Suppose 3*j - 23 = 4*f, 4*f - 1 = 4*j + a*f. What is the units digit of (j + -2 + 15)*(11 + -3)?
2
Suppose 3*f + 2*v - 7 + 39 = 0, f + 5*v + 2 = 0. Let d = f - -115. What is the hundreds digit of d?
1
Let o = -5284 + 10024. Suppose 7*p + 106 = o. What is the tens digit of p?
6
Let y be (39/6)/(-13)*4. What is the tens digit of (-5)/((-10)/y) - -1032?
3
Let t = 22 - 18. Let s(l) = 2*l**2 + 4*l. Let w be s(t). What is the hundreds digit of ((-112)/w)/((-1)/81)?
1
Suppose -161*h + 164*h - 216 = 0. Suppose 3*j - 524 = -5*g, -2*j + h = 3*g - 242. What is the units digit of g?
6
Suppose 18*y - 16*y = -86. Let j = y + 38. What is the units digit of (-122)/(-5) - 3/j?
5
Let k be ((-1)/3)/(5/60). Let l be (-2)/(32/k)*0. Suppose -4*q + 2*q + 116 = l. What is the tens digit of q?
5
Suppose 1 + 14 = r. Suppose 2*s + 5 = r. Suppose -v - 82 = -2*u + 4*v, -5*v = -s*u + 205. What is the units digit of u?
1
Suppose -15*w - 12*w + 81 = 0. Suppose 2313 = w*c + 654. What is the tens digit of c?
5
Let h(i) = -29*i - 242. Let u(z) = -57*z - 485. Let g(y) = -5*h(y) + 3*u(y). What is the tens digit of g(-23)?
5
Suppose 4 = -4*h, 4*h = -47*t + 52*t - 26509. What is the thousands digit of t?
5
Let p be (-75)/(-6)*(-7224)/(-215). Let s(q) = -q**3 + 2*q**2 + 3*q - 9. Let k be s(-8). Let i = k - p. What is the hundreds digit of i?
1
Let u be (-7 - 90/(-12))*48. Let p = 13 - -25. Let k = p - u. What is the tens digit of k?
1
Suppose 0 = w - 4*n - 420, 4*w - 4*n - 1147 = 593. Suppose 14*k = 18*k - w. Let j = k + -6. What is the tens digit of j?
0
Suppose 0 = -37*a + 31*a + 1422. Let s = 334 - a. What is the tens digit of s?
9
Let g(x) = -80*x**3 - 11*x**2 + 6*x + 26. What is the tens digit of g(-5)?
2
Let h = -98 - -66. Let o be 8/h - (-45)/4. Let d(u) = -u**3 + 13*u**2 - 10*u + 11. What is the hundreds digit of d(o)?
1
Let c(z) = -26*z + 20. Let g(a) = 27*a - 21. Let j(o) = -6*c(o) - 5*g(o). Let h be j(5). Suppose 0 = 25*y - 15*y - h. What is the units digit of y?
9
Let m = 4249 - 2803. What is the tens digit of m?
4
Suppose 35*h - 17616 = 11364. What is the units digit of h/16 + (-15)/20?
1
Let k be (8 - 8)*((-1)/(-2) + 0). Suppose -v - 4*v - 15 = k. What is the tens digit of (-164)/(-6)*v/(-2)?
4
Suppose -6794*l + 267358 = -6781*l. What is the tens digit of l?
6
Let g = -39676 - -86